2)/(-20) + (-2)/(-5). Suppose f*o = 12, -2*l = 3*o - 7*o + 6. What are the prime factors of l?
3
Let w be (-1 + 3 + -4)*-1. Suppose 2*a - 4*a - w = 0. Let n = 6 + a. What are the prime factors of n?
5
Suppose n + v = 0, -4*n - 2*v = 2 + 2. Let r(o) = o + 4. List the prime factors of r(n).
2
Let q(i) = i - 7. Let f be q(5). Let l be (f - 0)*10/(-4). List the prime factors of (4/l)/((-4)/(-10)).
2
Let x(a) = -4*a - 4. Let q be x(-3). Suppose 2*o - o - 2 = 0. What are the prime factors of (36/q)/(1/o)?
3
Suppose 0 = 5*s - 4*s - 1. Suppose -4*w + 17 = 2*r - r, 2*r - 4*w = -2. Let v = r - s. What are the prime factors of v?
2
Suppose -2 = 5*f + 8. Let t(y) = 8*y - 6. Let w(p) = -3*p + 2. Let l(h) = 6*t(h) + 17*w(h). What are the prime factors of l(f)?
2
Let a(h) be the first derivative of 11/2*h**2 - 1/3*h**3 - 12*h + 1. List the prime factors of a(8).
2, 3
Let h be (-4)/(-2) - (0 - -4). List the prime factors of 58 - 1/(h/(-6)).
5, 11
Suppose 0 = -2*k + k + 2*n + 44, k = 4*n + 40. What are the prime factors of k?
2, 3
What are the prime factors of 1/((-1)/(13*-7))?
7, 13
Suppose 0 = -0*y + 5*y - 10. What are the prime factors of 8*(-1 + 5/y)?
2, 3
Let u be (1 - 1) + -1 - -1. Suppose -125 = -2*c - 11. Suppose u = -5*y + c - 2. What are the prime factors of y?
11
Let c = 18 + -14. What are the prime factors of c?
2
List the prime factors of (-4)/4*2 - -124.
2, 61
Suppose -8*g = -7*g - 97. What are the prime factors of g?
97
Let h(n) = -n + 4. Let s be h(7). Let a = s + 10. What are the prime factors of a?
7
Suppose 3*n = n + 100. Suppose -6*s + 2*b = -2*s - n, 4*s - b = 49. Suppose -5*p + s = 2. What are the prime factors of p?
2
Suppose 0 = s - 60 - 23. Let o = -19 + s. Let i = o - 46. What are the prime factors of i?
2, 3
Let w be 8 - (1 - (-2 + 5)). Suppose 2*r - w + 2 = 0. What are the prime factors of r?
2
Let z be (39/6)/(2/8). Suppose -16 = c + 4*o, 2*o + 8 = 2*c - 0. Suppose -z = -2*m - c*m. List the prime factors of m.
13
List the prime factors of (-2 + -1 - -26) + 1/1.
2, 3
Suppose -d - 25 = -6*d. Suppose -d*q + 2*n = -83, -2*q + 6*q - 64 = n. What are the prime factors of q?
3, 5
Let u(q) = -q**3 - 3*q**2 - 7. List the prime factors of u(-5).
43
Let f(s) = s**2 + 8*s + 1. Let o be f(-7). Let a = o - -8. List the prime factors of (-267)/(-18) + a/12.
3, 5
Suppose -2*y = 2*x, 3 = -3*y + 5*x - 13. What are the prime factors of (-110)/(-9) + y/9?
2, 3
Let t(m) = 18*m**2. Let w be t(-1). Let a be (-4)/w - 669/27. Let z = -16 - a. What are the prime factors of z?
3
Suppose -2*m + 4*m = z - 8, 2*m + 10 = 0. Let f = 2 + z. Suppose f = -u + 3 + 1. List the prime factors of u.
2
Let h(g) = -4*g - 17. List the prime factors of h(-12).
31
Let d = 30 + -14. Suppose 3*y - d = 3*j + 2, -3*y - j - 2 = 0. List the prime factors of 6 - (0 + (2 - y)).
5
Suppose -w = -6 + 7. List the prime factors of w - -32*(0 - -1).
31
Suppose 4*g - 4 = -2*n, 0 = -3*g + 4*n - 8*n + 3. Let w(y) = y**2 + 2*y - 4. Let p be w(3). Let a = p - g. What are the prime factors of a?
2, 5
Let w(f) = -4*f**2 - 4*f + 5. Let t be w(3). What are the prime factors of t/(-3) + 2/(-6)?
2, 7
Let u(r) = r**3 - 4*r**2 + r + 4. What are the prime factors of u(5)?
2, 17
Let k(m) = 42*m - 7. What are the prime factors of k(3)?
7, 17
Let d(y) = y**3 - 8*y**2 + 7*y + 4. Let j be d(7). Suppose -q = -j*c + 7*c + 11, 3*q = -5*c - 13. What are the prime factors of q?
2
Suppose 3*t + 19 = 103. What are the prime factors of t?
2, 7
Let d = 4 + 0. Suppose 2*v + 2*h = 6, 5*v - 4*h = v + d. Suppose 5*t = 3*i + 57, v*t + 4*i - 18 - 10 = 0. What are the prime factors of t?
2, 3
Let f = -314 + 174. List the prime factors of f/(-6) - 11/33.
23
Let j = -37 + 69. What are the prime factors of j?
2
Suppose -2*u - r + 1 = -4*u, -u - 2*r = -2. Let z(a) = -a**3 - a**2 - a + 15. What are the prime factors of z(u)?
3, 5
Let a(v) = v**3 + 6*v**2 + 6*v + 2. Let b be a(-4). Suppose -4*w - 5 = -4*o + 15, -b = -o + 2*w. Suppose 2*q + o*q - 14 = 0. List the prime factors of q.
7
Suppose -l = -18 - 32. What are the prime factors of l?
2, 5
What are the prime factors of (3 - 3676/(-14)) + (-8)/14?
5, 53
Suppose z + z - 62 = 0. List the prime factors of z.
31
Let w = 285 - 162. What are the prime factors of w?
3, 41
List the prime factors of ((-2)/2)/((-1 - 1)/102).
3, 17
Let b(p) = 2*p**2 + 7*p - 6. Let h be b(4). Suppose -3*l = -6*l + h. What are the prime factors of l?
2, 3
Let k be -1 + 11 + -5 + 4. Suppose k = 2*p - h, -p - 4*h + 2*h = 3. Suppose -p*g + 2*g = -3. List the prime factors of g.
3
Suppose 3*d = -2*h + 1, -d - 7 = -4*h - 2*d. Suppose -2*u - k = -43, 3*u - 3*k + h*k = 77. List the prime factors of u.
2, 3
Suppose -5*v + 4*v + 4 = 0. Suppose -v*a = -1 - 15. Suppose -i = -4*r - 9, -2*i + a*r - 4 + 22 = 0. List the prime factors of i.
3
Suppose -4*m - m = -20. What are the prime factors of 10/m*(-18)/(-15)?
3
List the prime factors of 2 + (-11)/(11/(-124)).
2, 3, 7
Suppose 20*k = 17*k + 123. List the prime factors of k.
41
Let u(b) = -4*b + b - 3*b - 3 + 3*b + 3*b**2. List the prime factors of u(3).
3, 5
Let n = -41 + 101. List the prime factors of n.
2, 3, 5
Let i = -41 - -62. What are the prime factors of i?
3, 7
Let j be 56/6 + 6/9. Let u = j - -5. What are the prime factors of u?
3, 5
What are the prime factors of (-2)/16 + 753/8?
2, 47
Suppose -4*p - 60 = -4*q, 3*p - 2*q + 60 = 19. Let x = 17 + p. What are the prime factors of x?
2, 3
Suppose -729 = -2*a - r, 3*a = -4*r + 569 + 532. List the prime factors of a.
3, 11
Suppose -6*f + 490 = 4*f. List the prime factors of f.
7
Let o(k) = -4*k**2 + 6*k**2 + 2*k + 1 - 2. What are the prime factors of o(-4)?
23
Suppose 5*y = -5*c + 260, -53 = -6*c + 5*c - 2*y. Suppose 0 = 2*u - 11 - c. What are the prime factors of u?
31
Suppose 0 = -3*f + 10*f - 301. What are the prime factors of f?
43
Let b(j) = -j**2 + 4*j - 3. Let q be b(3). Suppose q = -2*x - 0 - 6, -4*x - 2 = i. List the prime factors of i.
2, 5
Suppose -7*n = -4*n + 12. Let r = n + 7. What are the prime factors of r?
3
Let o(s) = 23*s + 1. Let t be o(4). Suppose -5*w + 3*u + 14 = -106, -4*w + 3*u + t = 0. List the prime factors of w.
3
Suppose 5*q = u + 9, 4*q + 2*u - 7*u - 24 = 0. Suppose -2 = -v + q. List the prime factors of 1/v*1*12.
2
Let a = -5 + 131. Suppose 36 = -5*k - 2*j + a, -5*j = 0. Let c = 29 - k. What are the prime factors of c?
11
Suppose 11*b - 231 = 66. List the prime factors of b.
3
Suppose -21 = 5*g + 19. What are the prime factors of (-98)/g - 1/4?
2, 3
Suppose -8*j = -10*j - i + 688, -3*j = i - 1034. List the prime factors of j.
2, 173
Suppose -o + 2 = -5*g + 9, -4*o = -g - 10. Suppose -4*u = -g*u - 28. Let a = 27 - u. List the prime factors of a.
13
What are the prime factors of 612/16 + 1/(-4)?
2, 19
Suppose -3*n - 18 = 3*o, -o = -5*o + n - 19. Let m(i) = 3*i + 33. Let g(l) = 2*l + 17. Let y(d) = o*g(d) + 3*m(d). What are the prime factors of y(7)?
7
Let k = -4 - -4. Let p = -78 - -138. Suppose r + 2*o - 26 = -r, k = 5*r + 4*o - p. List the prime factors of r.
2
Let v(l) be the third derivative of l**5/60 - l**4/8 - l**3/3 + 2*l**2. Let o be v(6). Suppose k + o = 5*k. List the prime factors of k.
2
Suppose 5*i = 20, 0 = -5*l + 2*i - i - 319. Let u be (1/(-3))/(3/l). Let k(d) = d**3 - 6*d**2 - 4*d - 6. What are the prime factors of k(u)?
3, 5
Let x(g) be the first derivative of -g**4/4 + 3*g**3 - 7*g**2/2 + 9*g - 2. What are the prime factors of x(8)?
17
Let u(g) = -131*g - 5. List the prime factors of u(-1).
2, 3, 7
Let u be -3*6/(-9)*13. Let g = u - 14. List the prime factors of (-4)/g + 34/3.
11
Let a = 10 + -7. Suppose 0 = -a*q - 9, x - q = -0*q + 7. Suppose x*f - 4*h = 20, 2*f + 2*f - 3*h = 17. What are the prime factors of f?
2
Let s(b) = -b**3 - 8*b**2 - 2*b + 19. List the prime factors of s(-8).
5, 7
Suppose 0*t + 2*r - 14 = -2*t, 3*t - 27 = -5*r. Let p be -3*(-3)/((-18)/(-20)). Suppose t*a - p = 30. What are the prime factors of a?
2, 5
Let f(d) = d**2 - 3*d. List the prime factors of f(-4).
2, 7
Let u(v) = -59*v + 9. Let b be u(5). What are the prime factors of b/(-13) - (-1 + 2)?
3, 7
Suppose w - 6*w = -215. List the prime factors of w.
43
Let k(b) = -b - 3. Let w = 6 - 8. Let x be ((-30)/w)/(-3) - 0. List the prime factors of k(x).
2
Suppose 113 = 5*t - b, -95 = -5*t - 3